{"id":249,"date":"2023-07-14T09:14:49","date_gmt":"2023-07-14T09:14:49","guid":{"rendered":"https:\/\/emmanuellehusson.com\/?page_id=249"},"modified":"2025-11-21T07:57:16","modified_gmt":"2025-11-21T07:57:16","slug":"a-propos","status":"publish","type":"page","link":"https:\/\/emmanuellehusson.com\/index.php\/a-propos\/","title":{"rendered":"\u00c0 propos"},"content":{"rendered":"\n<div class=\"wp-block-columns alignwide is-layout-flex wp-container-4\" style=\"margin-top:0;margin-bottom:0;padding-top:0px;padding-right:0px;padding-bottom:0px;padding-left:0px\">\n<div class=\"wp-block-column is-layout-flow\" style=\"flex-basis:13%\"><\/div>\n\n\n\n<div class=\"wp-block-column is-layout-flow wp-container-2\">\n<figure class=\"wp-block-image aligncenter size-large lemmony-animation\" style=\"--lemmony-animation-name:lemmonyFadeInUp;animation-delay:var(--lemmony-delay-xsmall)\"><img decoding=\"async\" src=\"https:\/\/emmanuellehusson.com\/wp-content\/themes\/lemmony\/assets\/media\/content\/star.svg\" alt=\"\" class=\"wp-image-2969\"\/><\/figure>\n\n\n\n<h2 class=\"wp-block-heading alignwide has-text-align-center has-huge-plus-font-size lemmony-animation\" style=\"margin-top:var(--wp--preset--spacing--20);line-height:1.2;--lemmony-animation-name:lemmonyFadeInUp\">Laissez-moi vous montrer l&#8217;envers du d\u00e9cor<\/h2>\n\n\n\n<h5 class=\"wp-block-heading has-text-align-center has-small-plus-font-size lemmony-animation\" style=\"line-height:1.4;--lemmony-animation-name:lemmonyFadeInUp;animation-delay:var(--lemmony-delay-xsmall)\">Avec des mots et des visuels qui puissent vous parler<\/h5>\n<\/div>\n\n\n\n<div class=\"wp-block-column is-layout-flow\" style=\"flex-basis:13%\"><\/div>\n<\/div>\n\n\n\n<div class=\"wp-block-columns alignwide are-vertically-aligned-center lemmony-mobile-center is-layout-flex wp-container-17\" style=\"margin-top:0;margin-bottom:0;padding-top:var(--wp--preset--spacing--60);padding-bottom:0\">\n<div class=\"wp-block-column is-vertically-aligned-center is-layout-flow wp-container-7\" style=\"flex-basis:30%\">\n<div class=\"wp-block-group lemmony-animation lemmonyFadeIn lemmony-animation has-global-padding is-layout-constrained wp-container-5\" style=\"--lemmony-animation-name:lemmonyFadeIn\">\n<div class=\"wp-block-lemmony-companion-icon\" style=\"font-size:clamp(36px, 2.25rem + ((1vw - 7.68px) * 1.442), 48px);\"><div class=\"lemmony-icon-wrapper\"><svg xmlns=\"http:\/\/www.w3.org\/2000\/svg\" viewBox=\"0 0 32 32\" data-reactroot=\"\"><path d=\"M10.128,30.498c-2.209,0.001-4.418-0.841-6.1-2.522c-1.63-1.63-2.528-3.798-2.526-6.104 c0.001-2.304,0.898-4.469,2.526-6.097c1.398-1.398,3.25-2.278,5.214-2.476c0.56-0.055,1.041,0.346,1.096,0.895 c0.055,0.55-0.345,1.04-0.895,1.096c-1.507,0.152-2.928,0.827-4.001,1.9c-1.25,1.25-1.939,2.914-1.94,4.684 c-0.001,1.771,0.688,3.437,1.94,4.688c2.584,2.585,6.788,2.583,9.372,0c1.073-1.073,1.748-2.494,1.9-4.001 c0.056-0.549,0.545-0.941,1.096-0.895c0.55,0.056,0.95,0.546,0.895,1.096c-0.199,1.965-1.078,3.816-2.477,5.214 C14.547,29.657,12.337,30.498,10.128,30.498z M12.391,20.664c-0.256,0-0.512-0.098-0.707-0.293c-0.391-0.391-0.391-1.023,0-1.414 l7.705-7.704c0.391-0.391,1.023-0.391,1.414,0s0.391,1.023,0,1.414l-7.705,7.704C12.903,20.566,12.647,20.664,12.391,20.664z M22.66,18.71c-0.507,0-0.941-0.384-0.994-0.899c-0.056-0.55,0.345-1.04,0.895-1.096c1.507-0.152,2.928-0.827,4.001-1.9 c2.584-2.584,2.584-6.788,0-9.372c-1.251-1.251-2.915-1.94-4.685-1.94c-0.002,0-0.003,0-0.004,0c-1.77,0.001-3.434,0.69-4.684,1.94 c-1.073,1.073-1.748,2.494-1.9,4.001c-0.055,0.549-0.536,0.955-1.096,0.895c-0.549-0.056-0.95-0.546-0.895-1.096 c0.198-1.964,1.078-3.815,2.476-5.214c1.628-1.628,3.793-2.525,6.097-2.526c0.001,0,0.003,0,0.005,0 c2.304,0,4.47,0.897,6.099,2.526c3.363,3.364,3.363,8.836,0,12.2c-1.397,1.398-3.249,2.277-5.214,2.477 C22.728,18.708,22.693,18.71,22.66,18.71z\"><\/path><\/svg><\/div><\/div>\n\n\n\n<h3 class=\"wp-block-heading has-small-plus-font-size\" style=\"font-style:normal;font-weight:600;line-height:1.6\">Designer<\/h3>\n\n\n\n<p class=\"has-tiny-plus-font-size\" style=\"margin-top:var(--wp--preset--spacing--20)\">Je suis designer depuis 2013.<\/p>\n<\/div>\n\n\n\n<div class=\"wp-block-group lemmony-animation lemmonyFadeIn lemmony-animation has-global-padding is-layout-constrained wp-container-6\" style=\"--lemmony-animation-name:lemmonyFadeIn\">\n<div class=\"wp-block-lemmony-companion-icon\" style=\"font-size:clamp(36px, 2.25rem + ((1vw - 7.68px) * 1.442), 48px);\"><div class=\"lemmony-icon-wrapper\"><svg xmlns=\"http:\/\/www.w3.org\/2000\/svg\" viewBox=\"0 0 32 32\" data-reactroot=\"\"><path d=\"M14.228,30.5c-0.109,0-0.22-0.018-0.328-0.055c-0.433-0.15-0.708-0.576-0.668-1.033l0.904-10.288H7.542 c-0.367,0-0.705-0.201-0.88-0.524c-0.174-0.323-0.158-0.716,0.043-1.023L16.931,1.952c0.251-0.384,0.731-0.548,1.164-0.397 c0.434,0.15,0.709,0.576,0.669,1.032L17.86,12.87h6.599c0.367,0,0.705,0.201,0.88,0.524s0.158,0.716-0.043,1.023l-10.23,15.63 C14.876,30.336,14.558,30.5,14.228,30.5z M9.391,17.124h5.836c0.28,0,0.548,0.118,0.737,0.324c0.189,0.207,0.283,0.484,0.259,0.764 l-0.651,7.407l7.036-10.75h-5.841c-0.28,0-0.548-0.118-0.737-0.325c-0.189-0.207-0.283-0.483-0.259-0.763l0.651-7.401L9.391,17.124 z\"><\/path><\/svg><\/div><\/div>\n\n\n\n<h3 class=\"wp-block-heading has-small-plus-font-size\" style=\"font-style:normal;font-weight:600;line-height:1.6\">R\u00eaves<\/h3>\n\n\n\n<p class=\"has-tiny-plus-font-size\" style=\"margin-top:var(--wp--preset--spacing--20)\">Depuis que j&#8217;ai 13-14 ans je r\u00eavais de faire &#8220;Designer-Graphiste&#8221; j&#8217;avais interview\u00e9 une professionnelle du secteur dans le cadre du Rotary Club et ai remport\u00e9 le premier prix dans une cat\u00e9gorie.<\/p>\n\n\n\n<p class=\"has-body-color has-text-color has-tiny-plus-font-size\" style=\"font-style:normal;font-weight:700;text-decoration:underline\"><a href=\"https:\/\/www.linkedin.com\/in\/emmanuelle-husson-92709b130\/\" target=\"_blank\" rel=\"noreferrer noopener\">En savoir plus<\/a><\/p>\n<\/div>\n<\/div>\n\n\n\n<div class=\"wp-block-column is-vertically-aligned-center is-layout-flow wp-container-8\" style=\"flex-basis:40%\">\n<figure class=\"wp-block-image size-large lemmony-absolute lemmony-zindex-10 lemmony-spin lemmony-animation\" style=\"--lemmony-animation-name:lemmonyFadeInUp;animation-duration:var(--lemmony-speed-fast);animation-delay:var(--lemmony-delay-small)\"><img decoding=\"async\" src=\"https:\/\/emmanuellehusson.com\/wp-content\/themes\/lemmony\/assets\/media\/content\/scroll-down.svg\" alt=\"\" class=\"wp-image-2972\"\/><\/figure>\n\n\n\n<figure class=\"wp-block-image aligncenter size-large\"><img decoding=\"async\" loading=\"lazy\" width=\"676\" height=\"1024\" src=\"https:\/\/emmanuellehusson.com\/wp-content\/uploads\/2024\/06\/Photo-676x1024.png\" alt=\"\" class=\"wp-image-391\" srcset=\"https:\/\/emmanuellehusson.com\/wp-content\/uploads\/2024\/06\/Photo-676x1024.png 676w, https:\/\/emmanuellehusson.com\/wp-content\/uploads\/2024\/06\/Photo-198x300.png 198w, https:\/\/emmanuellehusson.com\/wp-content\/uploads\/2024\/06\/Photo-768x1164.png 768w, https:\/\/emmanuellehusson.com\/wp-content\/uploads\/2024\/06\/Photo-1014x1536.png 1014w, https:\/\/emmanuellehusson.com\/wp-content\/uploads\/2024\/06\/Photo-1352x2048.png 1352w, https:\/\/emmanuellehusson.com\/wp-content\/uploads\/2024\/06\/Photo.png 1625w\" sizes=\"(max-width: 676px) 100vw, 676px\" \/><\/figure>\n<\/div>\n\n\n\n<div class=\"wp-block-column is-vertically-aligned-center is-layout-flow wp-container-16\" style=\"flex-basis:30%\">\n<div class=\"wp-block-group lemmony-mobile-justify-center has-global-padding is-content-justification-right is-layout-constrained wp-container-9\">\n<div style=\"line-height:1;text-align:right\" class=\"wp-block-lemmony-companion-counter\"><span class=\"lemmony-counter-wrapper\" data-start=\"0\" data-end=\"10\" data-duration=\"3\"><span class=\"lemmony-counter-number\">0<\/span><span class=\"lemmony-counter-suffix\">+<\/span><\/span><\/div>\n\n\n\n<h3 class=\"wp-block-heading has-text-align-right has-small-plus-font-size\" style=\"font-style:normal;font-weight:600;line-height:1.6\">Ann\u00e9es d&#8217;\u00e9tudes<\/h3>\n\n\n\n<hr class=\"wp-block-separator has-alpha-channel-opacity is-style-wide\" style=\"margin-top:var(--wp--preset--spacing--30)\"\/>\n<\/div>\n\n\n\n<div class=\"wp-block-group lemmony-mobile-justify-center has-global-padding is-content-justification-right is-layout-constrained wp-container-10\">\n<div style=\"line-height:1;text-align:right\" class=\"wp-block-lemmony-companion-counter\"><span class=\"lemmony-counter-wrapper\" data-start=\"0\" data-end=\"3\" data-duration=\"3\"><span class=\"lemmony-counter-number\">0<\/span><span class=\"lemmony-counter-suffix\">+<\/span><\/span><\/div>\n\n\n\n<h3 class=\"wp-block-heading has-text-align-right has-small-plus-font-size\" style=\"font-style:normal;font-weight:600;line-height:1.6\">Ann\u00e9es d&#8217;exp\u00e9rience<\/h3>\n\n\n\n<hr class=\"wp-block-separator has-alpha-channel-opacity is-style-wide\" style=\"margin-top:var(--wp--preset--spacing--30);margin-bottom:0px\"\/>\n<\/div>\n\n\n\n<div class=\"wp-block-group lemmony-mobile-center is-layout-flow wp-container-15\" style=\"padding-top:0;padding-right:0;padding-bottom:0;padding-left:0\">\n<div style=\"line-height:1;text-align:right\" class=\"wp-block-lemmony-companion-counter\"><span class=\"lemmony-counter-wrapper\" data-start=\"0\" data-end=\"10\" data-duration=\"3\"><span class=\"lemmony-counter-number\">0<\/span><span class=\"lemmony-counter-suffix\">+<\/span><\/span><\/div>\n\n\n\n<h3 class=\"wp-block-heading has-text-align-right has-small-plus-font-size\" style=\"font-style:normal;font-weight:600;line-height:1.6\">Clients satisfaits<\/h3>\n\n\n\n<div class=\"wp-block-group lemmony-group-squeeze is-content-justification-right is-nowrap is-layout-flex wp-container-14\">\n<div class=\"wp-block-group has-global-padding is-layout-constrained\">\n<figure class=\"wp-block-image size-full is-resized has-custom-border lemmony-animation lemmonyFadeInLeft lemmony-animation\" style=\"--lemmony-animation-name:lemmonyFadeInLeft;animation-duration:var(--lemmony-speed-xfast);animation-delay:var(--lemmony-delay-small)\"><img decoding=\"async\" loading=\"lazy\" src=\"https:\/\/emmanuellehusson.com\/wp-content\/themes\/lemmony\/assets\/media\/content\/front-client1.jpg\" alt=\"\" class=\"has-border-color has-background-border-color wp-image-2974\" style=\"border-width:4px;border-radius:100px\" width=\"80\" height=\"80\"\/><\/figure>\n<\/div>\n\n\n\n<div class=\"wp-block-group has-global-padding is-layout-constrained\">\n<figure class=\"wp-block-image size-full is-resized has-custom-border lemmony-animation lemmonyFadeInLeft lemmony-animation\" style=\"--lemmony-animation-name:lemmonyFadeInLeft;animation-duration:var(--lemmony-speed-xfast);animation-delay:var(--lemmony-delay-xsmall)\"><img decoding=\"async\" loading=\"lazy\" src=\"https:\/\/emmanuellehusson.com\/wp-content\/themes\/lemmony\/assets\/media\/content\/front-client2.jpg\" alt=\"\" class=\"has-border-color has-background-border-color wp-image-2975\" style=\"border-width:4px;border-radius:100px\" width=\"80\" height=\"80\"\/><\/figure>\n<\/div>\n\n\n\n<div class=\"wp-block-group has-global-padding is-layout-constrained\" style=\"margin-top:0\">\n<figure class=\"wp-block-image size-full has-custom-border lemmony-animation lemmonyFadeInLeft lemmony-animation\" style=\"--lemmony-animation-name:lemmonyFadeInLeft;animation-duration:var(--lemmony-speed-xfast)\"><img decoding=\"async\" loading=\"lazy\" width=\"100\" height=\"100\" src=\"https:\/\/emmanuellehusson.com\/wp-content\/uploads\/2023\/07\/Ellipse-1.png\" alt=\"\" class=\"has-border-color has-background-border-color wp-image-266\" style=\"border-width:4px;border-radius:100px\"\/><\/figure>\n<\/div>\n<\/div>\n<\/div>\n<\/div>\n<\/div>\n\n\n\n<figure class=\"wp-block-pullquote\"><blockquote><p>Merci pour ces belles exp\u00e9riences<\/p><cite>Emmanuelle Husson<\/cite><\/blockquote><\/figure>\n\n\n\n<h5 class=\"wp-block-heading has-text-align-center\">2019: &#8220;Racontez un probl\u00e8me que vous avez rencontr\u00e9 et la solution que vous avez trouv\u00e9 pour le r\u00e9soudre&#8221; et ce, en anglais<\/h5>\n\n\n\n<figure class=\"wp-block-video\"><video controls src=\"https:\/\/emmanuellehusson.com\/wp-content\/uploads\/2024\/07\/Emma_Storytelling.mp4\"><\/video><\/figure>\n","protected":false},"excerpt":{"rendered":"<p>Laissez-moi vous montrer l&#8217;envers du d\u00e9cor Avec des mots et des visuels qui puissent vous parler Designer Je suis designer depuis 2013. R\u00eaves Depuis que j&#8217;ai 13-14 ans je r\u00eavais de faire &#8220;Designer-Graphiste&#8221; j&#8217;avais interview\u00e9 une professionnelle du secteur dans le cadre du Rotary Club et ai remport\u00e9 le premier prix dans une cat\u00e9gorie. En [&hellip;]<\/p>\n","protected":false},"author":1,"featured_media":0,"parent":0,"menu_order":0,"comment_status":"closed","ping_status":"closed","template":"","meta":[],"_links":{"self":[{"href":"https:\/\/emmanuellehusson.com\/index.php\/wp-json\/wp\/v2\/pages\/249"}],"collection":[{"href":"https:\/\/emmanuellehusson.com\/index.php\/wp-json\/wp\/v2\/pages"}],"about":[{"href":"https:\/\/emmanuellehusson.com\/index.php\/wp-json\/wp\/v2\/types\/page"}],"author":[{"embeddable":true,"href":"https:\/\/emmanuellehusson.com\/index.php\/wp-json\/wp\/v2\/users\/1"}],"replies":[{"embeddable":true,"href":"https:\/\/emmanuellehusson.com\/index.php\/wp-json\/wp\/v2\/comments?post=249"}],"version-history":[{"count":25,"href":"https:\/\/emmanuellehusson.com\/index.php\/wp-json\/wp\/v2\/pages\/249\/revisions"}],"predecessor-version":[{"id":544,"href":"https:\/\/emmanuellehusson.com\/index.php\/wp-json\/wp\/v2\/pages\/249\/revisions\/544"}],"wp:attachment":[{"href":"https:\/\/emmanuellehusson.com\/index.php\/wp-json\/wp\/v2\/media?parent=249"}],"curies":[{"name":"wp","href":"https:\/\/api.w.org\/{rel}","templated":true}]}}